{"id":102,"date":"2022-07-20T21:18:41","date_gmt":"2022-07-20T21:18:41","guid":{"rendered":"https:\/\/schlesisches-konvikt.de\/?page_id=102"},"modified":"2025-10-22T10:11:39","modified_gmt":"2025-10-22T10:11:39","slug":"leben","status":"publish","type":"page","link":"https:\/\/schlesisches-konvikt.de\/?page_id=102","title":{"rendered":"Leben im Konvikt"},"content":{"rendered":"\t\t<div data-elementor-type=\"wp-page\" data-elementor-id=\"102\" class=\"elementor elementor-102\">\n\t\t\t\t\t\t<section class=\"elementor-section elementor-top-section elementor-element elementor-element-7b1e61fc elementor-section-boxed elementor-section-height-default elementor-section-height-default\" data-id=\"7b1e61fc\" data-element_type=\"section\" data-e-type=\"section\">\n\t\t\t\t\t\t<div class=\"elementor-container elementor-column-gap-default\">\n\t\t\t\t\t<div class=\"elementor-column elementor-col-100 elementor-top-column elementor-element elementor-element-67a37c1b\" data-id=\"67a37c1b\" data-element_type=\"column\" data-e-type=\"column\">\n\t\t\t<div class=\"elementor-widget-wrap elementor-element-populated\">\n\t\t\t\t\t\t<div class=\"elementor-element elementor-element-6ae5435d elementor-widget elementor-widget-spacer\" data-id=\"6ae5435d\" data-element_type=\"widget\" data-e-type=\"widget\" data-widget_type=\"spacer.default\">\n\t\t\t\t<div class=\"elementor-widget-container\">\n\t\t\t\t\t\t\t<div class=\"elementor-spacer\">\n\t\t\t<div class=\"elementor-spacer-inner\"><\/div>\n\t\t<\/div>\n\t\t\t\t\t\t<\/div>\n\t\t\t\t<\/div>\n\t\t\t\t<section class=\"elementor-section elementor-inner-section elementor-element elementor-element-2e0c5bb9 elementor-section-boxed elementor-section-height-default elementor-section-height-default\" data-id=\"2e0c5bb9\" data-element_type=\"section\" data-e-type=\"section\">\n\t\t\t\t\t\t<div class=\"elementor-container elementor-column-gap-default\">\n\t\t\t\t\t<div class=\"elementor-column elementor-col-50 elementor-inner-column elementor-element elementor-element-55e34e8a\" data-id=\"55e34e8a\" data-element_type=\"column\" data-e-type=\"column\">\n\t\t\t<div class=\"elementor-widget-wrap elementor-element-populated\">\n\t\t\t\t\t\t<div class=\"elementor-element elementor-element-5955bdde elementor-invisible elementor-widget elementor-widget-image\" data-id=\"5955bdde\" data-element_type=\"widget\" data-e-type=\"widget\" data-settings=\"{&quot;_animation&quot;:&quot;zoomInRight&quot;}\" data-widget_type=\"image.default\">\n\t\t\t\t<div class=\"elementor-widget-container\">\n\t\t\t\t\t\t\t\t\t\t\t\t\t\t\t\t<a href=\"https:\/\/schlesisches-konvikt.de\/\">\n\t\t\t\t\t\t\t<img fetchpriority=\"high\" decoding=\"async\" width=\"300\" height=\"232\" src=\"https:\/\/schlesisches-konvikt.de\/wp-content\/uploads\/2022\/07\/sk-signatur-xl1-300x232.png\" class=\"attachment-medium size-medium wp-image-70\" alt=\"\" srcset=\"https:\/\/schlesisches-konvikt.de\/wp-content\/uploads\/2022\/07\/sk-signatur-xl1-300x232.png 300w, https:\/\/schlesisches-konvikt.de\/wp-content\/uploads\/2022\/07\/sk-signatur-xl1-1024x791.png 1024w, https:\/\/schlesisches-konvikt.de\/wp-content\/uploads\/2022\/07\/sk-signatur-xl1-768x593.png 768w, https:\/\/schlesisches-konvikt.de\/wp-content\/uploads\/2022\/07\/sk-signatur-xl1-1536x1186.png 1536w, https:\/\/schlesisches-konvikt.de\/wp-content\/uploads\/2022\/07\/sk-signatur-xl1-2048x1582.png 2048w\" sizes=\"(max-width: 300px) 100vw, 300px\" \/>\t\t\t\t\t\t\t\t<\/a>\n\t\t\t\t\t\t\t\t\t\t\t\t\t\t\t<\/div>\n\t\t\t\t<\/div>\n\t\t\t\t\t<\/div>\n\t\t<\/div>\n\t\t\t\t<div class=\"elementor-column elementor-col-50 elementor-inner-column elementor-element elementor-element-19155a20\" data-id=\"19155a20\" data-element_type=\"column\" data-e-type=\"column\">\n\t\t\t<div class=\"elementor-widget-wrap elementor-element-populated\">\n\t\t\t\t\t\t<div class=\"elementor-element elementor-element-1d76db53 elementor-widget elementor-widget-heading\" data-id=\"1d76db53\" data-element_type=\"widget\" data-e-type=\"widget\" data-widget_type=\"heading.default\">\n\t\t\t\t<div class=\"elementor-widget-container\">\n\t\t\t\t\t<h1 class=\"elementor-heading-title elementor-size-default\">Schlesisches Konvikt\n<\/h1>\t\t\t\t<\/div>\n\t\t\t\t<\/div>\n\t\t\t\t\t<\/div>\n\t\t<\/div>\n\t\t\t\t\t<\/div>\n\t\t<\/section>\n\t\t\t\t<div class=\"elementor-element elementor-element-7604e586 elementor-widget elementor-widget-heading\" data-id=\"7604e586\" data-element_type=\"widget\" data-e-type=\"widget\" data-widget_type=\"heading.default\">\n\t\t\t\t<div class=\"elementor-widget-container\">\n\t\t\t\t\t<h4 class=\"elementor-heading-title elementor-size-default\">Christlich. Studieren. Wohnen. Leben.<\/h4>\t\t\t\t<\/div>\n\t\t\t\t<\/div>\n\t\t\t\t\t<\/div>\n\t\t<\/div>\n\t\t\t\t\t<\/div>\n\t\t<\/section>\n\t\t\t\t<section class=\"elementor-section elementor-top-section elementor-element elementor-element-51fa27d6 elementor-section-boxed elementor-section-height-default elementor-section-height-default\" data-id=\"51fa27d6\" data-element_type=\"section\" data-e-type=\"section\">\n\t\t\t\t\t\t<div class=\"elementor-container elementor-column-gap-default\">\n\t\t\t\t\t<div class=\"elementor-column elementor-col-100 elementor-top-column elementor-element elementor-element-55589f4a\" data-id=\"55589f4a\" data-element_type=\"column\" data-e-type=\"column\">\n\t\t\t<div class=\"elementor-widget-wrap elementor-element-populated\">\n\t\t\t\t\t\t<div class=\"elementor-element elementor-element-3517b98a elementor-widget elementor-widget-text-editor\" data-id=\"3517b98a\" data-element_type=\"widget\" data-e-type=\"widget\" data-widget_type=\"text-editor.default\">\n\t\t\t\t<div class=\"elementor-widget-container\">\n\t\t\t\t\t\t\t\t\t<p style=\"text-align: center;\"><span style=\"color: #e7c1ec;\"><a style=\"color: #e7c1ec;\" href=\"https:\/\/schlesisches-konvikt.de\/\">Willkommen<\/a>\u00a0\u00a0\u00a0\u00a0\u00a0\u00a0\u00a0\u00a0\u00a0<a style=\"color: #e7c1ec;\" href=\"https:\/\/schlesisches-konvikt.de\/?page_id=102\"> Leben im Konvikt<\/a>\u00a0\u00a0\u00a0\u00a0\u00a0\u00a0\u00a0\u00a0\u00a0 <a style=\"color: #e7c1ec;\" href=\"https:\/\/schlesisches-konvikt.de\/?page_id=92\">Wohnen im Konvikt<\/a> \u00a0 \u00a0 \u00a0 \u00a0\u00a0<a style=\"color: #e7c1ec;\" href=\"https:\/\/schlesisches-konvikt.de\/?page_id=37\"> Impressum<\/a><\/span><\/p>\t\t\t\t\t\t\t\t<\/div>\n\t\t\t\t<\/div>\n\t\t\t\t<div class=\"elementor-element elementor-element-5c92048 elementor-widget-divider--view-line elementor-widget elementor-widget-divider\" data-id=\"5c92048\" data-element_type=\"widget\" data-e-type=\"widget\" data-widget_type=\"divider.default\">\n\t\t\t\t<div class=\"elementor-widget-container\">\n\t\t\t\t\t\t\t<div class=\"elementor-divider\">\n\t\t\t<span class=\"elementor-divider-separator\">\n\t\t\t\t\t\t<\/span>\n\t\t<\/div>\n\t\t\t\t\t\t<\/div>\n\t\t\t\t<\/div>\n\t\t\t\t<div class=\"elementor-element elementor-element-2c4b33ac elementor-widget elementor-widget-heading\" data-id=\"2c4b33ac\" data-element_type=\"widget\" data-e-type=\"widget\" data-widget_type=\"heading.default\">\n\t\t\t\t<div class=\"elementor-widget-container\">\n\t\t\t\t\t<h3 class=\"elementor-heading-title elementor-size-default\">Leben im Konvikt<\/h3>\t\t\t\t<\/div>\n\t\t\t\t<\/div>\n\t\t\t\t\t<\/div>\n\t\t<\/div>\n\t\t\t\t\t<\/div>\n\t\t<\/section>\n\t\t\t\t<section class=\"elementor-section elementor-top-section elementor-element elementor-element-0e0adcb elementor-section-boxed elementor-section-height-default elementor-section-height-default\" data-id=\"0e0adcb\" data-element_type=\"section\" data-e-type=\"section\">\n\t\t\t\t\t\t<div class=\"elementor-container elementor-column-gap-default\">\n\t\t\t\t\t<div class=\"elementor-column elementor-col-100 elementor-top-column elementor-element elementor-element-2474172\" data-id=\"2474172\" data-element_type=\"column\" data-e-type=\"column\">\n\t\t\t<div class=\"elementor-widget-wrap elementor-element-populated\">\n\t\t\t\t\t\t<section class=\"elementor-section elementor-inner-section elementor-element elementor-element-31f5068 elementor-section-boxed elementor-section-height-default elementor-section-height-default\" data-id=\"31f5068\" data-element_type=\"section\" data-e-type=\"section\">\n\t\t\t\t\t\t<div class=\"elementor-container elementor-column-gap-default\">\n\t\t\t\t\t<div class=\"elementor-column elementor-col-50 elementor-inner-column elementor-element elementor-element-5a67955\" data-id=\"5a67955\" data-element_type=\"column\" data-e-type=\"column\">\n\t\t\t<div class=\"elementor-widget-wrap elementor-element-populated\">\n\t\t\t\t\t\t<div class=\"elementor-element elementor-element-766d88b elementor-widget elementor-widget-image\" data-id=\"766d88b\" data-element_type=\"widget\" data-e-type=\"widget\" data-widget_type=\"image.default\">\n\t\t\t\t<div class=\"elementor-widget-container\">\n\t\t\t\t\t\t\t\t\t\t\t\t\t\t\t<img decoding=\"async\" src=\"https:\/\/schlesisches-konvikt.de\/wp-content\/uploads\/2022\/07\/IMGP1098.jpg\" title=\"IMGP1098\" alt=\"IMGP1098\" loading=\"lazy\" \/>\t\t\t\t\t\t\t\t\t\t\t\t\t\t\t<\/div>\n\t\t\t\t<\/div>\n\t\t\t\t\t<\/div>\n\t\t<\/div>\n\t\t\t\t<div class=\"elementor-column elementor-col-50 elementor-inner-column elementor-element elementor-element-ea9b396\" data-id=\"ea9b396\" data-element_type=\"column\" data-e-type=\"column\">\n\t\t\t<div class=\"elementor-widget-wrap elementor-element-populated\">\n\t\t\t\t\t\t<div class=\"elementor-element elementor-element-cd626da elementor-widget elementor-widget-text-editor\" data-id=\"cd626da\" data-element_type=\"widget\" data-e-type=\"widget\" data-widget_type=\"text-editor.default\">\n\t\t\t\t<div class=\"elementor-widget-container\">\n\t\t\t\t\t\t\t\t\t<p>Es gibt zahlreiche regelm\u00e4\u00dfige Veranstaltungen, unter anderem&#8230;<\/p><ul><li>Morgengebet<\/li><li>Andacht<\/li><li>Semesterer\u00f6ffnungs- und Semesterendgottesdienst<\/li><li>Komplet<\/li><li>Lesekreis<\/li><li>Gespr\u00e4chskreis<\/li><li>Griechisch-Lekt\u00fcre<\/li><li>Hebr\u00e4isch-Lekt\u00fcre<\/li><li>Latein-Lekt\u00fcre<\/li><li>Barabend<\/li><li>&#8222;Der Inspektor isst mit&#8230;&#8220;<\/li><li>Konviktsausflug<\/li><\/ul>\t\t\t\t\t\t\t\t<\/div>\n\t\t\t\t<\/div>\n\t\t\t\t\t<\/div>\n\t\t<\/div>\n\t\t\t\t\t<\/div>\n\t\t<\/section>\n\t\t\t\t<section class=\"elementor-section elementor-inner-section elementor-element elementor-element-48581e6 elementor-section-boxed elementor-section-height-default elementor-section-height-default\" data-id=\"48581e6\" data-element_type=\"section\" data-e-type=\"section\">\n\t\t\t\t\t\t<div class=\"elementor-container elementor-column-gap-default\">\n\t\t\t\t\t<div class=\"elementor-column elementor-col-50 elementor-inner-column elementor-element elementor-element-db6310b\" data-id=\"db6310b\" data-element_type=\"column\" data-e-type=\"column\">\n\t\t\t<div class=\"elementor-widget-wrap elementor-element-populated\">\n\t\t\t\t\t\t<div class=\"elementor-element elementor-element-c4cfceb elementor-widget elementor-widget-image\" data-id=\"c4cfceb\" data-element_type=\"widget\" data-e-type=\"widget\" data-widget_type=\"image.default\">\n\t\t\t\t<div class=\"elementor-widget-container\">\n\t\t\t\t\t\t\t\t\t\t\t\t\t\t\t<img decoding=\"async\" width=\"1024\" height=\"678\" src=\"https:\/\/schlesisches-konvikt.de\/wp-content\/uploads\/2022\/07\/IMGP7767-1024x678.jpg\" class=\"attachment-large size-large wp-image-117\" alt=\"\" srcset=\"https:\/\/schlesisches-konvikt.de\/wp-content\/uploads\/2022\/07\/IMGP7767-1024x678.jpg 1024w, https:\/\/schlesisches-konvikt.de\/wp-content\/uploads\/2022\/07\/IMGP7767-300x199.jpg 300w, https:\/\/schlesisches-konvikt.de\/wp-content\/uploads\/2022\/07\/IMGP7767-768x509.jpg 768w, https:\/\/schlesisches-konvikt.de\/wp-content\/uploads\/2022\/07\/IMGP7767-1536x1017.jpg 1536w, https:\/\/schlesisches-konvikt.de\/wp-content\/uploads\/2022\/07\/IMGP7767.jpg 1626w\" sizes=\"(max-width: 1024px) 100vw, 1024px\" \/>\t\t\t\t\t\t\t\t\t\t\t\t\t\t\t<\/div>\n\t\t\t\t<\/div>\n\t\t\t\t\t<\/div>\n\t\t<\/div>\n\t\t\t\t<div class=\"elementor-column elementor-col-50 elementor-inner-column elementor-element elementor-element-94d64b4\" data-id=\"94d64b4\" data-element_type=\"column\" data-e-type=\"column\">\n\t\t\t<div class=\"elementor-widget-wrap elementor-element-populated\">\n\t\t\t\t\t\t<div class=\"elementor-element elementor-element-c36054c elementor-widget elementor-widget-image\" data-id=\"c36054c\" data-element_type=\"widget\" data-e-type=\"widget\" data-widget_type=\"image.default\">\n\t\t\t\t<div class=\"elementor-widget-container\">\n\t\t\t\t\t\t\t\t\t\t\t\t\t\t\t<img decoding=\"async\" width=\"1024\" height=\"678\" src=\"https:\/\/schlesisches-konvikt.de\/wp-content\/uploads\/2022\/07\/IMGP6901-1024x678.jpg\" class=\"attachment-large size-large wp-image-114\" alt=\"\" srcset=\"https:\/\/schlesisches-konvikt.de\/wp-content\/uploads\/2022\/07\/IMGP6901-1024x678.jpg 1024w, https:\/\/schlesisches-konvikt.de\/wp-content\/uploads\/2022\/07\/IMGP6901-300x199.jpg 300w, https:\/\/schlesisches-konvikt.de\/wp-content\/uploads\/2022\/07\/IMGP6901-768x509.jpg 768w, https:\/\/schlesisches-konvikt.de\/wp-content\/uploads\/2022\/07\/IMGP6901-1536x1017.jpg 1536w, https:\/\/schlesisches-konvikt.de\/wp-content\/uploads\/2022\/07\/IMGP6901.jpg 1626w\" sizes=\"(max-width: 1024px) 100vw, 1024px\" \/>\t\t\t\t\t\t\t\t\t\t\t\t\t\t\t<\/div>\n\t\t\t\t<\/div>\n\t\t\t\t\t<\/div>\n\t\t<\/div>\n\t\t\t\t\t<\/div>\n\t\t<\/section>\n\t\t\t\t<section class=\"elementor-section elementor-inner-section elementor-element elementor-element-f4f443c elementor-section-boxed elementor-section-height-default elementor-section-height-default\" data-id=\"f4f443c\" data-element_type=\"section\" data-e-type=\"section\">\n\t\t\t\t\t\t<div class=\"elementor-container elementor-column-gap-default\">\n\t\t\t\t\t<div class=\"elementor-column elementor-col-50 elementor-inner-column elementor-element elementor-element-987171d\" data-id=\"987171d\" data-element_type=\"column\" data-e-type=\"column\">\n\t\t\t<div class=\"elementor-widget-wrap elementor-element-populated\">\n\t\t\t\t\t\t<div class=\"elementor-element elementor-element-8ef782d elementor-widget elementor-widget-image\" data-id=\"8ef782d\" data-element_type=\"widget\" data-e-type=\"widget\" data-widget_type=\"image.default\">\n\t\t\t\t<div class=\"elementor-widget-container\">\n\t\t\t\t\t\t\t\t\t\t\t\t\t\t\t<img loading=\"lazy\" decoding=\"async\" width=\"1024\" height=\"678\" src=\"https:\/\/schlesisches-konvikt.de\/wp-content\/uploads\/2022\/07\/IMGP0821-1024x678.jpg\" class=\"attachment-large size-large wp-image-109\" alt=\"\" srcset=\"https:\/\/schlesisches-konvikt.de\/wp-content\/uploads\/2022\/07\/IMGP0821-1024x678.jpg 1024w, https:\/\/schlesisches-konvikt.de\/wp-content\/uploads\/2022\/07\/IMGP0821-300x199.jpg 300w, https:\/\/schlesisches-konvikt.de\/wp-content\/uploads\/2022\/07\/IMGP0821-768x509.jpg 768w, https:\/\/schlesisches-konvikt.de\/wp-content\/uploads\/2022\/07\/IMGP0821-1536x1017.jpg 1536w, https:\/\/schlesisches-konvikt.de\/wp-content\/uploads\/2022\/07\/IMGP0821.jpg 1626w\" sizes=\"(max-width: 1024px) 100vw, 1024px\" \/>\t\t\t\t\t\t\t\t\t\t\t\t\t\t\t<\/div>\n\t\t\t\t<\/div>\n\t\t\t\t\t<\/div>\n\t\t<\/div>\n\t\t\t\t<div class=\"elementor-column elementor-col-50 elementor-inner-column elementor-element elementor-element-ebb3480\" data-id=\"ebb3480\" data-element_type=\"column\" data-e-type=\"column\">\n\t\t\t<div class=\"elementor-widget-wrap elementor-element-populated\">\n\t\t\t\t\t\t<div class=\"elementor-element elementor-element-05e3986 elementor-widget elementor-widget-image\" data-id=\"05e3986\" data-element_type=\"widget\" data-e-type=\"widget\" data-widget_type=\"image.default\">\n\t\t\t\t<div class=\"elementor-widget-container\">\n\t\t\t\t\t\t\t\t\t\t\t\t\t\t\t<img loading=\"lazy\" decoding=\"async\" width=\"1024\" height=\"678\" src=\"https:\/\/schlesisches-konvikt.de\/wp-content\/uploads\/2022\/07\/IMGP1072-1024x678.jpg\" class=\"attachment-large size-large wp-image-110\" alt=\"\" srcset=\"https:\/\/schlesisches-konvikt.de\/wp-content\/uploads\/2022\/07\/IMGP1072-1024x678.jpg 1024w, https:\/\/schlesisches-konvikt.de\/wp-content\/uploads\/2022\/07\/IMGP1072-300x199.jpg 300w, https:\/\/schlesisches-konvikt.de\/wp-content\/uploads\/2022\/07\/IMGP1072-768x509.jpg 768w, https:\/\/schlesisches-konvikt.de\/wp-content\/uploads\/2022\/07\/IMGP1072-1536x1017.jpg 1536w, https:\/\/schlesisches-konvikt.de\/wp-content\/uploads\/2022\/07\/IMGP1072.jpg 1626w\" sizes=\"(max-width: 1024px) 100vw, 1024px\" \/>\t\t\t\t\t\t\t\t\t\t\t\t\t\t\t<\/div>\n\t\t\t\t<\/div>\n\t\t\t\t\t<\/div>\n\t\t<\/div>\n\t\t\t\t\t<\/div>\n\t\t<\/section>\n\t\t\t\t<section class=\"elementor-section elementor-inner-section elementor-element elementor-element-3475c89 elementor-section-boxed elementor-section-height-default elementor-section-height-default\" data-id=\"3475c89\" data-element_type=\"section\" data-e-type=\"section\">\n\t\t\t\t\t\t<div class=\"elementor-container elementor-column-gap-default\">\n\t\t\t\t\t<div class=\"elementor-column elementor-col-50 elementor-inner-column elementor-element elementor-element-5a571dc\" data-id=\"5a571dc\" data-element_type=\"column\" data-e-type=\"column\">\n\t\t\t<div class=\"elementor-widget-wrap elementor-element-populated\">\n\t\t\t\t\t\t<div class=\"elementor-element elementor-element-92e07d2 elementor-widget elementor-widget-image\" data-id=\"92e07d2\" data-element_type=\"widget\" data-e-type=\"widget\" data-widget_type=\"image.default\">\n\t\t\t\t<div class=\"elementor-widget-container\">\n\t\t\t\t\t\t\t\t\t\t\t\t\t\t\t<img loading=\"lazy\" decoding=\"async\" width=\"1024\" height=\"682\" src=\"https:\/\/schlesisches-konvikt.de\/wp-content\/uploads\/2022\/07\/d72kr_Ug-1024x682.jpeg\" class=\"attachment-large size-large wp-image-104\" alt=\"\" srcset=\"https:\/\/schlesisches-konvikt.de\/wp-content\/uploads\/2022\/07\/d72kr_Ug-1024x682.jpeg 1024w, https:\/\/schlesisches-konvikt.de\/wp-content\/uploads\/2022\/07\/d72kr_Ug-300x200.jpeg 300w, https:\/\/schlesisches-konvikt.de\/wp-content\/uploads\/2022\/07\/d72kr_Ug-768x512.jpeg 768w, https:\/\/schlesisches-konvikt.de\/wp-content\/uploads\/2022\/07\/d72kr_Ug.jpeg 1280w\" sizes=\"(max-width: 1024px) 100vw, 1024px\" \/>\t\t\t\t\t\t\t\t\t\t\t\t\t\t\t<\/div>\n\t\t\t\t<\/div>\n\t\t\t\t\t<\/div>\n\t\t<\/div>\n\t\t\t\t<div class=\"elementor-column elementor-col-50 elementor-inner-column elementor-element elementor-element-51a2597\" data-id=\"51a2597\" data-element_type=\"column\" data-e-type=\"column\">\n\t\t\t<div class=\"elementor-widget-wrap elementor-element-populated\">\n\t\t\t\t\t\t<div class=\"elementor-element elementor-element-52a9e1d elementor-widget elementor-widget-image\" data-id=\"52a9e1d\" data-element_type=\"widget\" data-e-type=\"widget\" data-widget_type=\"image.default\">\n\t\t\t\t<div class=\"elementor-widget-container\">\n\t\t\t\t\t\t\t\t\t\t\t\t\t\t\t<img loading=\"lazy\" decoding=\"async\" width=\"1024\" height=\"683\" src=\"https:\/\/schlesisches-konvikt.de\/wp-content\/uploads\/2022\/07\/Konviktualitas_SoSe-2018-1024x683.jpg\" class=\"attachment-large size-large wp-image-119\" alt=\"\" srcset=\"https:\/\/schlesisches-konvikt.de\/wp-content\/uploads\/2022\/07\/Konviktualitas_SoSe-2018-1024x683.jpg 1024w, https:\/\/schlesisches-konvikt.de\/wp-content\/uploads\/2022\/07\/Konviktualitas_SoSe-2018-300x200.jpg 300w, https:\/\/schlesisches-konvikt.de\/wp-content\/uploads\/2022\/07\/Konviktualitas_SoSe-2018-768x512.jpg 768w, https:\/\/schlesisches-konvikt.de\/wp-content\/uploads\/2022\/07\/Konviktualitas_SoSe-2018-1536x1024.jpg 1536w, https:\/\/schlesisches-konvikt.de\/wp-content\/uploads\/2022\/07\/Konviktualitas_SoSe-2018-2048x1365.jpg 2048w\" sizes=\"(max-width: 1024px) 100vw, 1024px\" \/>\t\t\t\t\t\t\t\t\t\t\t\t\t\t\t<\/div>\n\t\t\t\t<\/div>\n\t\t\t\t\t<\/div>\n\t\t<\/div>\n\t\t\t\t\t<\/div>\n\t\t<\/section>\n\t\t\t\t\t<\/div>\n\t\t<\/div>\n\t\t\t\t\t<\/div>\n\t\t<\/section>\n\t\t\t\t<\/div>\n\t\t","protected":false},"excerpt":{"rendered":"<p>Schlesisches Konvikt Christlich. Studieren. Wohnen. Leben. Willkommen\u00a0\u00a0\u00a0\u00a0\u00a0\u00a0\u00a0\u00a0\u00a0 Leben im Konvikt\u00a0\u00a0\u00a0\u00a0\u00a0\u00a0\u00a0\u00a0\u00a0 Wohnen im Konvikt \u00a0 \u00a0 \u00a0 \u00a0\u00a0 Impressum Leben im Konvikt Es gibt zahlreiche regelm\u00e4\u00dfige Veranstaltungen, unter anderem&#8230; Morgengebet Andacht Semesterer\u00f6ffnungs- und Semesterendgottesdienst Komplet Lesekreis Gespr\u00e4chskreis Griechisch-Lekt\u00fcre Hebr\u00e4isch-Lekt\u00fcre Latein-Lekt\u00fcre Barabend &#8222;Der Inspektor isst mit&#8230;&#8220; Konviktsausflug<\/p>\n","protected":false},"author":1,"featured_media":0,"parent":0,"menu_order":0,"comment_status":"closed","ping_status":"closed","template":"elementor_canvas","meta":{"footnotes":""},"class_list":["post-102","page","type-page","status-publish","hentry"],"_links":{"self":[{"href":"https:\/\/schlesisches-konvikt.de\/index.php?rest_route=\/wp\/v2\/pages\/102","targetHints":{"allow":["GET"]}}],"collection":[{"href":"https:\/\/schlesisches-konvikt.de\/index.php?rest_route=\/wp\/v2\/pages"}],"about":[{"href":"https:\/\/schlesisches-konvikt.de\/index.php?rest_route=\/wp\/v2\/types\/page"}],"author":[{"embeddable":true,"href":"https:\/\/schlesisches-konvikt.de\/index.php?rest_route=\/wp\/v2\/users\/1"}],"replies":[{"embeddable":true,"href":"https:\/\/schlesisches-konvikt.de\/index.php?rest_route=%2Fwp%2Fv2%2Fcomments&post=102"}],"version-history":[{"count":20,"href":"https:\/\/schlesisches-konvikt.de\/index.php?rest_route=\/wp\/v2\/pages\/102\/revisions"}],"predecessor-version":[{"id":322,"href":"https:\/\/schlesisches-konvikt.de\/index.php?rest_route=\/wp\/v2\/pages\/102\/revisions\/322"}],"wp:attachment":[{"href":"https:\/\/schlesisches-konvikt.de\/index.php?rest_route=%2Fwp%2Fv2%2Fmedia&parent=102"}],"curies":[{"name":"wp","href":"https:\/\/api.w.org\/{rel}","templated":true}]}}